130 = g. What is the remainder when g is divided by 9?
8
Suppose -20 = 7*b - 2*b. Let c(j) = 26*j - 2. Calculate the remainder when c(3) is divided by 8/3*(-39)/b.
24
Suppose -4*z + 38 = 5*s, 3*z - 4*z = 3*s - 13. What is the remainder when 12 is divided by z?
5
Let d be 3/(-3)*1 + 1. Suppose -k = -d*k - 34. Calculate the remainder when k is divided by 12.
10
Suppose -2*y + 66 + 16 = 4*w, -w + 4*y = 2. Calculate the remainder when w is divided by 3.
0
Let z(b) = b**2 - 3 + 6 - 1 + 5 + 10*b. Let d = -17 + 30. What is the remainder when d is divided by z(-10)?
6
Let x = -141 - -38. What is the remainder when (-5)/15 - x/3 is divided by 12?
10
Let p(c) = -5*c + c**2 - 8 + 8. Let u(s) = -s**3 - 11*s**2 - s - 5. Let a be u(-11). Calculate the remainder when 10 is divided by p(a).
4
Let b(f) = 5*f - 8. What is the remainder when 92 is divided by b(11)?
45
Let f = 7 - 5. Suppose h + f*h - 48 = 0. What is the remainder when 45 is divided by h?
13
Suppose -5*z = 2*d - 93, -3*d - 4*z = -6*d + 82. Let a(m) = m + 7. What is the remainder when d is divided by a(5)?
10
Suppose 8 = 2*r - 22. Suppose 0 = -5*x - r. Let o = 20 + x. What is the remainder when o is divided by 9?
8
Let b(x) = -2*x + 21. Calculate the remainder when b(0) is divided by (-2)/3 + 76/6.
9
Suppose 367 + 121 = 8*n. What is the remainder when n is divided by 9?
7
Let o = 20 - -19. What is the remainder when o is divided by 24?
15
What is the remainder when 89 is divided by 28/4 + -3 + 41?
44
Let o = 28 + 3. Suppose 4*m + o = h, -4*m + 124 = -h + 5*h. Suppose -2*w - 742 + 774 = 0. What is the remainder when h is divided by w?
15
Let n = -20 + 29. Suppose 4*x = -n + 29. What is the remainder when 19 is divided by x?
4
Suppose -3*v + 21 = -2*v. Let d = -2 + v. What is the remainder when 36 is divided by d?
17
Suppose -g = -4*r + 21, g - 12 = 2*r + 5*g. Let p(y) = 6*y**2 - 2*y - 1. Calculate the remainder when p(-1) is divided by r.
3
Suppose 13 = 2*m - 43. Suppose 8 = -u + 2. What is the remainder when m is divided by 4/u - 47/(-3)?
13
Let h(c) = c**3 - 2*c**2 - 6*c + 5. Suppose -5*q - 205 = j, 4*j + 27 = 7. Let d = q + 64. Calculate the remainder when d is divided by h(4).
11
Let t(a) = -a + 2. Let c be t(-1). Suppose c*b = 93 - 24. Suppose -m = -2*v - 14, 2*m + v + 0 - 23 = 0. What is the remainder when b is divided by m?
11
Suppose i = 5*m + 43, -2*m - 9 = i + 4. Calculate the remainder when 15 is divided by (m/(-3))/((-2)/(-6)).
7
Let o = 36 + -33. What is the remainder when 5 is divided by o?
2
Let b(p) = 8*p**2 - 1. Let r be b(2). Let s = r - 2. What is the remainder when s is divided by 10?
9
Let y = 6 - -2. Calculate the remainder when ((-50)/(-8))/(2/y) is divided by 14.
11
Let v be ((-6)/((-6)/(-2)))/(-2). Let s = 3 + 2. What is the remainder when 2 - v - (-14 + 1) is divided by s?
4
Let k = 6 + -5. Let r be (1 + k/2)*2. What is the remainder when (22/(-5))/(r/(-30)) is divided by 15?
14
What is the remainder when 2/17 + (-7056)/(-136) is divided by 18?
16
Let y = 2 + -13. Let t(r) = -r**3 - r**2 - r. Let b be t(0). Let w = b - y. Calculate the remainder when 20 is divided by w.
9
Suppose -2*f + 4*f = 4. Let g = 5 - 3. Suppose -g*u = f*u - 28. Calculate the remainder when u is divided by 3.
1
Suppose 11*q - 6*q - 248 = p, 0 = 3*q - 4*p - 142. Let a(h) = 2*h**2 + 5*h + 5. What is the remainder when q is divided by a(-4)?
16
Suppose 3*p = 162 - 771. Let u = p + 316. Suppose 27 = 5*h - u. What is the remainder when h is divided by 10?
8
Let y be 15/1 + (4 - 2). Suppose 0 = -4*f + 15 + y. What is the remainder when 15 is divided by f?
7
Suppose -5*k = -3*d - 33, k = 5*d - 2*k + 39. Let i = 8 + d. Suppose -4*u - 6 = 2*j - 18, -i*j = -5*u - 21. Calculate the remainder when 22 is divided by j.
6
Calculate the remainder when 35 is divided by ((-10)/(-3))/((-46)/(-207)).
5
Let b = -14 - -37. Suppose -4*w + 62 = -298. What is the remainder when w is divided by b?
21
Let c be ((-6)/4)/(5/30). Let s = -5 - c. Suppose -j + 2*j + 5*y + 13 = 0, -j - s*y - 9 = 0. What is the remainder when j is divided by 3?
1
Let d be (-2)/5 + (-162)/(-30). Let z(k) = -k**2 + 8*k - 4. Calculate the remainder when z(d) is divided by 6.
5
Let q = 10 - -11. Suppose -2*r = r - q. Suppose 155 = r*n - 2*n. Calculate the remainder when n is divided by 11.
9
Suppose -33 = -6*a + 5*a. Suppose -a = -2*f - 3. Let l(p) = 2*p - 6. What is the remainder when l(17) is divided by f?
13
Suppose 0 = 3*q - 6*q + 93. Calculate the remainder when q is divided by 4.
3
Suppose 5*q = 79 + 146. What is the remainder when q is divided by 16?
13
Let w(x) = 9*x**2 + x - 1. Calculate the remainder when 25 is divided by w(1).
7
Let w(i) be the third derivative of -i**4/8 - i**3/6 - i**2. Let x(n) = n**3 + 3*n**2 + 13. Let c be x(-4). What is the remainder when 30 is divided by w(c)?
6
Suppose -4*n = -78 + 2. Let y = 45 + -8. What is the remainder when y is divided by n?
18
Suppose z = -14 + 37. Calculate the remainder when 68 is divided by z.
22
Let o(b) = b. Let a be o(-10). Let l(v) = v + 12. Calculate the remainder when l(a) is divided by 1.
0
Let w(j) = 3*j**2 + 2*j - 7. What is the remainder when w(5) is divided by 27?
24
Suppose -11 = 2*t + 1. Let c(j) = -j**3 - 4*j**2 + 9*j + 6. Calculate the remainder when c(t) is divided by 5.
4
Suppose -y = -4*n + 248, -3*n - 2*y + 122 + 53 = 0. Calculate the remainder when n is divided by 16.
13
Let a be -43 + -2*2/(-4). Let v(s) = s**3 - 12*s**2 - 15. Let c be v(12). Let r = c - a. What is the remainder when r is divided by 14?
13
Suppose -4*i + 142 = 3*d - 260, i + 2*d = 98. What is the remainder when i is divided by 26?
24
Let j be 1 - (45 - 1*-2). Let p = j + 110. Calculate the remainder when p is divided by 22.
20
Let a(p) = -p**2 - 5*p - 1. Suppose 3*k = -y - 10, 0 = -2*k - 7*y + 3*y - 20. Calculate the remainder when 9 is divided by a(k).
4
Suppose -2*t - t = -12. Suppose 0 = 4*a - 5*l - 12 - 24, 0 = -t*l. Let z(r) = 5*r**2 - r + 1. Calculate the remainder when a is divided by z(1).
4
Suppose 5*u - 27 = -7. Suppose 0 = -u*k + k + 9. What is the remainder when k is divided by 1 + -3 + 16/(0 - -4)?
1
Let o(q) = 3*q**2 + q - 1. Let v be o(1). Suppose -2*t + 25 = v. What is the remainder when 32 is divided by t?
10
Suppose 7*a + 73 - 633 = 0. What is the remainder when a is divided by 21?
17
Calculate the remainder when 151 is divided by ((-4)/10)/(4/(-380)).
37
Let l be (13 - 3)*(3 + 0). Suppose n + l = 4*n. Calculate the remainder when 18 is divided by n.
8
Let n be 5/(-4) + (-2)/(-8). Let x = n + 6. What is the remainder when x is divided by 4?
1
Let a(k) = k**2 - 8*k + 2. Let r be a(8). Suppose -r*m - 4 = -26. Calculate the remainder when 31 is divided by m.
9
Suppose -4*g - 86 = -5*m - 0*g, m = -2*g + 6. Let a = -11 + 19. Calculate the remainder when m is divided by a.
6
Suppose 3*i = 512 + 181. Suppose 0*p + i = 3*p. Let z = p + -52. What is the remainder when z is divided by 9?
7
Let r = 66 + 44. Calculate the remainder when r is divided by 14.
12
Suppose 3*q - 8*q + 37 = -2*r, -5*q + 36 = -r. Suppose 3 = -2*t - 5. Calculate the remainder when ((-38)/8)/(1/t) is divided by q.
5
Suppose 3*q - 35 = -2*q. Let w(r) = -r**3 + 7*r**2 + 3. Calculate the remainder when 3 is divided by w(q).
0
What is the remainder when 67 + ((-12)/3 - 0) is divided by 22?
19
Let k = -31 + 22. Let s be 2/k - 256/(-18). Suppose -2 + s = 2*q. What is the remainder when 15 is divided by q?
3
Let k(b) = -4*b**3 + 4*b**2 - 2*b. Let d be k(2). Let m = 10 + d. Calculate the remainder when 21 is divided by (-57)/(-5) + 4/m.
10
Suppose 0 = 2*d - 4*d. Let f = d - -7. Calculate the remainder when f is divided by 2.
1
Suppose 4*y + 0*w - w - 35 = 0, -y + 3*w + 17 = 0. What is the remainder when 14 is divided by y?
6
Let f(k) = -k**3 + 12*k**2 + 15*k - 18. Calculate the remainder when f(13) is divided by 3.
2
Let j(x) = -2*x - 3. Let n be j(-3). Let r = n + 1. Suppose 3*g - 11 = 2*g - i, -44 = -r*g - 5*i. Calculate the remainder when 21 is divided by g.
10
Let f(o) = 3*o + 47. Suppose a - 20 = -5*z + 20, 0 = -3*a - 5*z + 100. What is the remainder when a is divided by f(-12)?
8
Suppose 2*b - 4*i - 44 = 0, 3*i - 3 = 3. Let g(h) = -8*h + 29. Calculate the remainder when g(-6) is divided by b.
25
Let q(r) = r**3 - r**2 + r -